{"id":5997,"date":"2019-11-18T21:25:01","date_gmt":"2019-11-18T21:25:01","guid":{"rendered":"http:\/\/limburger-courses.com\/?page_id=5997"},"modified":"2021-03-12T16:24:56","modified_gmt":"2021-03-12T16:24:56","slug":"golfclub-kassel-wilhelmshoehe-e-v","status":"publish","type":"page","link":"https:\/\/limburger-courses.com\/?page_id=5997","title":{"rendered":"Golfclub Kassel-Wilhelmsh\u00f6he"},"content":{"rendered":"<div class=\"wpb-content-wrapper\">[vc_row fullwidth=&#8220;true&#8220; padding=&#8220;0&#8243;][vc_column][mk_page_title_box section_height=&#8220;600&#8243; bg_image=&#8220;https:\/\/limburger-courses.com\/wp-content\/uploads\/2020\/05\/header_kassel-gro.jpg&#8220; bg_image_portrait=&#8220;https:\/\/limburger-courses.com\/wp-content\/uploads\/2020\/05\/header_kassel-gro.jpg&#8220; bg_position=&#8220;center center&#8220; bg_repeat=&#8220;no-repeat&#8220; bg_stretch=&#8220;true&#8220; bg_effects=&#8220;parallax&#8220; font_size=&#8220;24&#8243; title_letter_spacing=&#8220;6&#8243; font_color=&#8220;#ffffff&#8220; underline=&#8220;false&#8220;][\/vc_column][\/vc_row][vc_row][vc_column][vc_column_text][\/vc_column_text][\/vc_column][\/vc_row][vc_row padding=&#8220;0&#8243;][vc_column][mk_padding_divider size=&#8220;20&#8243;][mk_dropcaps style=&#8220;fancy-style&#8220;]U[\/mk_dropcaps][vc_column_text css=&#8220;.vc_custom_1574111181087{margin-bottom: 0px !important;}&#8220;]\n<p style=\"text-align: justify;\">nser 1958 gegr\u00fcndeter Golfclub Kassel-Wilhelmsh\u00f6he liegt direkt vor den Toren Kassels in unmittelbarer N\u00e4he des Bergparks Wilhelmsh\u00f6he. Der Park ist Unesco-Weltkulturerbe, gilt als Europas gr\u00f6\u00dfter Bergpark und ist insbesondere f\u00fcr den Herkules, das Wahrzeichen Kassels, und die Wasserspiele ber\u00fchmt. Jedes unserer Mitglieder kann zwischen leistungsorientiertem Sport, sportlichen Turnieren, offenen Spielformen und unbeschwerten Runden mit Freunden und der Familie w\u00e4hlen. An allen Tagen begr\u00fc\u00dfen wir auch sehr gerne G\u00e4ste auf unserer Golfanlage. Mitglieder und G\u00e4ste kommen in den Genuss der optimalen Trainingsbedingungen auf unserer Anlage. Nach der Runde k\u00f6nnen Sie auf unserer gro\u00dfz\u00fcgigen Clubhaus-Terrasse unsere idyllische Lage genie\u00dfen.<\/p>\n[\/vc_column_text][mk_padding_divider size=&#8220;20&#8243;][mk_blockquote style=&#8220;line-style&#8220; font_family=&#8220;none&#8220; align=&#8220;left&#8220;]\n<p style=\"text-align: justify;\">Der von Dr. von Limburger entworfene Golfplatz bestand urspr\u00fcnglich aus 9 Spielbahnen. Durch einen Ausbau auf 18 Loch in den 80er Jahren entstand der heutige 18-Loch-Platz, wobei sich die urspr\u00fcnglichen Limburger-Bahnen heute auf die beiden 9-Loch-Teilrunden verteilen.<\/p>\n<p>&nbsp;<\/p>\n<p style=\"text-align: justify;\">Noch heute profitiert der Spieler von der exzellenten Arbeit von Dr. von Limburger, der das ausgesprochen h\u00fcgelige Gel\u00e4nde exzellent ausgenutzt und Spielbahnen geschaffen hat, die immer wieder sch\u00f6ne Panoramablicke bieten und sehr unverwechselbar in der Landschaft liegen. An mehreren Stellen unseres Platzes bietet sich ein herrlicher Blick auf den Herkules. Seit 2014 sind die meisten Gr\u00fcns in mehreren Schritten erneuert worden, so dass sich die Gr\u00fcn-Komplexe nun dem Golfer in einem Top-Zustand pr\u00e4sentieren.<\/p>\n[\/mk_blockquote][mk_padding_divider][\/vc_column][\/vc_row][vc_row][vc_column][mk_slideshow_box images=&#8220;6246,6245,6244,6243&#8243; slideshow_speed=&#8220;5000&#8243; transition_speed=&#8220;3000&#8243;][\/mk_slideshow_box][\/vc_column][\/vc_row][vc_row][vc_column width=&#8220;1\/2&#8243;][mk_padding_divider][vc_column_text css=&#8220;.vc_custom_1574112296381{margin-bottom: 0px !important;}&#8220;]Golf Club Kassel-Wilhelmsh\u00f6he e.V. | Ehlener Stra\u00dfe 21 | 34131 Kassel<br \/>\n<a href=\"mailto:mail@golfclub-kassel.de\">mail@golfclub-kassel.de<\/a><br \/>\nPhone: +49 (0)56133509<br \/>\n<a href=\"http:\/\/www.golfclub-kassel.de\" target=\"_blank\" rel=\"noopener noreferrer\">www.golfclub-kassel.de<\/a><\/p>\n<p>Gr\u00fcndungsjahr: 1958<br \/>\nJahr der Platzer\u00f6ffnung: 1958<br \/>\nPlatzstatistiken: 18 Loch, Par 70, 5.611m[\/vc_column_text][\/vc_column][vc_column width=&#8220;1\/2&#8243;][mk_padding_divider size=&#8220;20&#8243;][vc_single_image image=&#8220;6009&#8243; img_size=&#8220;200&#215;200&#8243; alignment=&#8220;right&#8220; onclick=&#8220;custom_link&#8220; img_link_target=&#8220;_blank&#8220; link=&#8220;https:\/\/www.golfclub-kassel.de\/&#8220;][\/vc_column][\/vc_row][vc_row][vc_column][\/vc_column][\/vc_row]\n<\/div>","protected":false},"excerpt":{"rendered":"<p>[vc_row fullwidth=&#8220;true&#8220; padding=&#8220;0&#8243;][vc_column][mk_page_title_box section_height=&#8220;600&#8243; bg_image=&#8220;https:\/\/limburger-courses.com\/wp-content\/uploads\/2020\/05\/header_kassel-gro.jpg&#8220; bg_image_portrait=&#8220;https:\/\/limburger-courses.com\/wp-content\/uploads\/2020\/05\/header_kassel-gro.jpg&#8220; bg_position=&#8220;center center&#8220; bg_repeat=&#8220;no-repeat&#8220; bg_stretch=&#8220;true&#8220; bg_effects=&#8220;parallax&#8220; font_size=&#8220;24&#8243; title_letter_spacing=&#8220;6&#8243; font_color=&#8220;#ffffff&#8220; underline=&#8220;false&#8220;][\/vc_column][\/vc_row][vc_row][vc_column][vc_column_text][\/vc_column_text][\/vc_column][\/vc_row][vc_row padding=&#8220;0&#8243;][vc_column][mk_padding_divider size=&#8220;20&#8243;][mk_dropcaps style=&#8220;fancy-style&#8220;]U[\/mk_dropcaps][vc_column_text css=&#8220;.vc_custom_1574111181087{margin-bottom: 0px !important;}&#8220;] nser 1958 gegr\u00fcndeter Golfclub Kassel-Wilhelmsh\u00f6he liegt direkt vor den Toren Kassels in unmittelbarer N\u00e4he des Bergparks Wilhelmsh\u00f6he. Der Park ist Unesco-Weltkulturerbe, gilt als Europas gr\u00f6\u00dfter Bergpark und ist insbesondere f\u00fcr den Herkules, das Wahrzeichen [&hellip;]<\/p>\n","protected":false},"author":1,"featured_media":0,"parent":0,"menu_order":0,"comment_status":"closed","ping_status":"closed","template":"","meta":{"rs_blank_template":"","rs_page_bg_color":"","slide_template_v7":"","footnotes":""},"class_list":["post-5997","page","type-page","status-publish","hentry"],"_links":{"self":[{"href":"https:\/\/limburger-courses.com\/index.php?rest_route=\/wp\/v2\/pages\/5997","targetHints":{"allow":["GET"]}}],"collection":[{"href":"https:\/\/limburger-courses.com\/index.php?rest_route=\/wp\/v2\/pages"}],"about":[{"href":"https:\/\/limburger-courses.com\/index.php?rest_route=\/wp\/v2\/types\/page"}],"author":[{"embeddable":true,"href":"https:\/\/limburger-courses.com\/index.php?rest_route=\/wp\/v2\/users\/1"}],"replies":[{"embeddable":true,"href":"https:\/\/limburger-courses.com\/index.php?rest_route=%2Fwp%2Fv2%2Fcomments&post=5997"}],"version-history":[{"count":14,"href":"https:\/\/limburger-courses.com\/index.php?rest_route=\/wp\/v2\/pages\/5997\/revisions"}],"predecessor-version":[{"id":6523,"href":"https:\/\/limburger-courses.com\/index.php?rest_route=\/wp\/v2\/pages\/5997\/revisions\/6523"}],"wp:attachment":[{"href":"https:\/\/limburger-courses.com\/index.php?rest_route=%2Fwp%2Fv2%2Fmedia&parent=5997"}],"curies":[{"name":"wp","href":"https:\/\/api.w.org\/{rel}","templated":true}]}}