{"id":6442,"date":"2021-03-09T16:30:28","date_gmt":"2021-03-09T16:30:28","guid":{"rendered":"http:\/\/limburger-courses.com\/?page_id=6442"},"modified":"2021-03-12T12:50:46","modified_gmt":"2021-03-12T12:50:46","slug":"golf-club-am-reichswald","status":"publish","type":"page","link":"https:\/\/limburger-courses.com\/?page_id=6442","title":{"rendered":"Golf Club am Reichswald"},"content":{"rendered":"<div class=\"wpb-content-wrapper\">[vc_row fullwidth=&#8220;true&#8220; padding=&#8220;0&#8243;][vc_column][mk_page_title_box section_height=&#8220;600&#8243; bg_image=&#8220;https:\/\/limburger-courses.com\/wp-content\/uploads\/2021\/03\/reichswald-header.jpg&#8220; bg_image_portrait=&#8220;https:\/\/limburger-courses.com\/wp-content\/uploads\/2021\/03\/reichswald-header.jpg&#8220; bg_position=&#8220;center center&#8220; bg_repeat=&#8220;no-repeat&#8220; bg_stretch=&#8220;true&#8220; bg_effects=&#8220;parallax&#8220; font_size=&#8220;24&#8243; title_letter_spacing=&#8220;6&#8243; font_color=&#8220;#ffffff&#8220; underline=&#8220;false&#8220;][\/vc_column][\/vc_row][vc_row][vc_column][vc_column_text][\/vc_column_text][\/vc_column][\/vc_row][vc_row padding=&#8220;0&#8243;][vc_column][mk_padding_divider size=&#8220;20&#8243;][mk_dropcaps style=&#8220;fancy-style&#8220;]I[\/mk_dropcaps][vc_column_text css=&#8220;.vc_custom_1615306577820{margin-bottom: 0px !important;}&#8220;]m Jahr 1960 besiegelten neun Pioniere ihr Vorhaben, einen Golfclub mitten in jenem Wald zu gr\u00fcnden, den einst Kaiser und K\u00f6nige von der N\u00fcrnberger Burg aus beherrschten. Heute pr\u00e4sentiert sich inmitten von vielleicht 80.000 B\u00e4umen ein anspruchsvoller Meisterschaftsplatz. Der Platz gilt unter Golfern als Herausforderung ersten Grades, denn er ist vor allem durch enge Drive-Schneisen und eher kleine Gr\u00fcns gekennzeichnet und erfordert daher ein pr\u00e4zises Spiel sowie viel Vertrauen in seine Schl\u00e4ge. In seinem \u00fcber 60-j\u00e4hrigen Bestehen war der Reichswald Austragungsort vieler sportlicher H\u00f6hepunkte, vom Profiturnier bis zu nationalen Amateurmeisterschaften. Nach der Runde k\u00f6nnen Sie auf unserer Terrasse oder im Clubhaus entspannen und die K\u00fcche von Claus Beithner und seinem Team genie\u00dfen.[\/vc_column_text][mk_padding_divider size=&#8220;20&#8243;][mk_blockquote style=&#8220;line-style&#8220; font_family=&#8220;none&#8220; align=&#8220;left&#8220;]\n<div>\n<p><span lang=\"DE\">Der Golfplatz am Reichswald ist einer der wenigen 18-Loch-Pl\u00e4tze von Dr. von Limburger, der sich noch fast komplett im Originalzustand befindet. Auch im Reichswald hat es Dr. von Limburger hervorragend verstanden, einen ausgesprochen interessanten Platz zu entwerfen, der viel Abwechslung bietet, sich wunderbar in die Landschaft einf\u00fcgt und von kurzen Wegen zwischen den Spielbahnen gepr\u00e4gt ist. Die hohe Qualit\u00e4t des Golfplatzes h\u00e4ngt auch damit zusammen, dass die landschaftlichen Voraussetzungen im Reichswald exzellent sind: Der Boden ist \u00fcberwiegend sandig und bietet daher beste Spielbedingungen, der umgebende Kiefernwald bildet einen sch\u00f6nen Rahmen und an mehreren Bahnen profitiert der Platz von Heidefl\u00e4chen, die im Sp\u00e4tsommer wunderbar bl\u00fchen und zur \u00f6kologischen Vielfalt des Platzes beitragen.<\/span><\/div>\n[\/mk_blockquote][mk_padding_divider][\/vc_column][\/vc_row][vc_row][vc_column][mk_slideshow_box images=&#8220;6444,6445,6446,6447&#8243; slideshow_speed=&#8220;5000&#8243; transition_speed=&#8220;3000&#8243; orderby=&#8220;title&#8220;][\/mk_slideshow_box][\/vc_column][\/vc_row][vc_row][vc_column width=&#8220;1\/2&#8243;][mk_padding_divider][vc_column_text css=&#8220;.vc_custom_1615307308615{margin-bottom: 0px !important;}&#8220;]Golf Club am Reichswald \u00a0| Schiestlstr. 100 | 90427 N\u00fcrnberg<br \/>\n<a href=\"mailto:info@golfclub-nuernberg.de\">info@golfclub-nuernberg.de<\/a><br \/>\nTelefon: +49 (0)911 30 57 30<br \/>\n<a href=\"https:\/\/www.golfclub-nuernberg.de\" target=\"_blank\" rel=\"noopener noreferrer\">www.golfclub-nuernberg.de<\/a><\/p>\n<p>Gr\u00fcndungsjahr: 1960<br \/>\nJahr der Platzer\u00f6ffnung: 1963<br \/>\nPlatzstatistiken: 18 Loch, Par 72, 6.220m[\/vc_column_text][\/vc_column][vc_column width=&#8220;1\/2&#8243;][mk_padding_divider][vc_single_image image=&#8220;6473&#8243; img_size=&#8220;250&#215;250&#8243; alignment=&#8220;right&#8220; onclick=&#8220;custom_link&#8220; img_link_target=&#8220;_blank&#8220; link=&#8220;https:\/\/www.golfclub-nuernberg.de\/&#8220;][\/vc_column][\/vc_row]\n<\/div>","protected":false},"excerpt":{"rendered":"<p>[vc_row fullwidth=&#8220;true&#8220; padding=&#8220;0&#8243;][vc_column][mk_page_title_box section_height=&#8220;600&#8243; bg_image=&#8220;https:\/\/limburger-courses.com\/wp-content\/uploads\/2021\/03\/reichswald-header.jpg&#8220; bg_image_portrait=&#8220;https:\/\/limburger-courses.com\/wp-content\/uploads\/2021\/03\/reichswald-header.jpg&#8220; bg_position=&#8220;center center&#8220; bg_repeat=&#8220;no-repeat&#8220; bg_stretch=&#8220;true&#8220; bg_effects=&#8220;parallax&#8220; font_size=&#8220;24&#8243; title_letter_spacing=&#8220;6&#8243; font_color=&#8220;#ffffff&#8220; underline=&#8220;false&#8220;][\/vc_column][\/vc_row][vc_row][vc_column][vc_column_text][\/vc_column_text][\/vc_column][\/vc_row][vc_row padding=&#8220;0&#8243;][vc_column][mk_padding_divider size=&#8220;20&#8243;][mk_dropcaps style=&#8220;fancy-style&#8220;]I[\/mk_dropcaps][vc_column_text css=&#8220;.vc_custom_1615306577820{margin-bottom: 0px !important;}&#8220;]m Jahr 1960 besiegelten neun Pioniere ihr Vorhaben, einen Golfclub mitten in jenem Wald zu gr\u00fcnden, den einst Kaiser und K\u00f6nige von der N\u00fcrnberger Burg aus beherrschten. Heute pr\u00e4sentiert sich inmitten von vielleicht 80.000 B\u00e4umen [&hellip;]<\/p>\n","protected":false},"author":4,"featured_media":0,"parent":0,"menu_order":0,"comment_status":"closed","ping_status":"closed","template":"","meta":{"rs_blank_template":"","rs_page_bg_color":"","slide_template_v7":"","footnotes":""},"class_list":["post-6442","page","type-page","status-publish","hentry"],"_links":{"self":[{"href":"https:\/\/limburger-courses.com\/index.php?rest_route=\/wp\/v2\/pages\/6442","targetHints":{"allow":["GET"]}}],"collection":[{"href":"https:\/\/limburger-courses.com\/index.php?rest_route=\/wp\/v2\/pages"}],"about":[{"href":"https:\/\/limburger-courses.com\/index.php?rest_route=\/wp\/v2\/types\/page"}],"author":[{"embeddable":true,"href":"https:\/\/limburger-courses.com\/index.php?rest_route=\/wp\/v2\/users\/4"}],"replies":[{"embeddable":true,"href":"https:\/\/limburger-courses.com\/index.php?rest_route=%2Fwp%2Fv2%2Fcomments&post=6442"}],"version-history":[{"count":6,"href":"https:\/\/limburger-courses.com\/index.php?rest_route=\/wp\/v2\/pages\/6442\/revisions"}],"predecessor-version":[{"id":6474,"href":"https:\/\/limburger-courses.com\/index.php?rest_route=\/wp\/v2\/pages\/6442\/revisions\/6474"}],"wp:attachment":[{"href":"https:\/\/limburger-courses.com\/index.php?rest_route=%2Fwp%2Fv2%2Fmedia&parent=6442"}],"curies":[{"name":"wp","href":"https:\/\/api.w.org\/{rel}","templated":true}]}}